{"id":2,"date":"2016-03-21T05:47:05","date_gmt":"2016-03-21T07:47:05","guid":{"rendered":"http:\/\/www.bispectrum.lt\/?page_id=2"},"modified":"2016-03-25T10:21:59","modified_gmt":"2016-03-25T12:21:59","slug":"puslapio-pavyzdys","status":"publish","type":"page","link":"https:\/\/www.bispectrum.lt\/","title":{"rendered":"Verslo Analitika visiems"},"content":{"rendered":"<p>Tai testinis puslapis. Puslapis skiriasi nuo \u012fra\u0161o, nes jis visuomet liks toje pa\u010dioje vietoje J\u016bs\u0173 tinklalapyje, bei daugumoje tem\u0173 bus rodomas kaip meniu punktas. Da\u017eniausiai tinklalapiai pradedami kurti nuo puslapio &#8222;Apie&#8221;, kuriame tinklalapis pristatomas jo lankytojams. Pavyzd\u017eiui, tokiame puslapyje gali b\u016bti para\u0161yta:<\/p>\n<blockquote><p>Sveiki! Dienomis a\u0161 dirbu dvira\u010di\u0173 kurjeriu, vakarais bandau siekti aktoriaus karjeros, o \u010dia yra mano tinklara\u0161tis. A\u0161 gyvenu Vilniuje, turiu puik\u0173 \u0161un\u012f vardu Rudis, ir labai m\u0117gstu vaisi\u0173 kokteilius (bei b\u016bti u\u017ekluptas lietaus).<\/p><\/blockquote>\n<p>&#8230;arba \u0161is puslapis gali b\u016bti ir rimtesnis:<\/p>\n<blockquote><p>UAB &#8222;\u012eranki\u0173 Fabrikas&#8221; buvo \u012fkurta dar 1971-aisiais, ir nuo pat tada iki \u0161iol nepavargdami gamina kokybi\u0161kus \u012frankius. \u012emon\u0117 \u012fsik\u016brusi Kaune, joje dirba daugiau nei 2000 specialist\u0173. UAB &#8222;\u012eranki\u0173 Fabrikas&#8221; aktyviai dalyvauja bendruomen\u0117s veikloje ir nuolat prisideda prie miestie\u010di\u0173 gyvenimo gerinimo.<\/p><\/blockquote>\n<p>Kadangi \u0161is tinklalapis yra k\u0105 tik sukurtas, mes rekomenduojame pirmiausia apsilankyti savo <a href=\"http:\/\/www.bispectrum.lt\/wp-admin\/\">administravimo skydelyje<\/a>, i\u0161trinti \u0161\u012f testin\u012f puslap\u012f ir sukurti naujus su savo norimu turiniu. S\u0117km\u0117s!<\/p>\n","protected":false},"excerpt":{"rendered":"<p>Tai testinis puslapis. Puslapis skiriasi nuo \u012fra\u0161o, nes jis visuomet liks toje pa\u010dioje vietoje J\u016bs\u0173 tinklalapyje, bei daugumoje tem\u0173 bus rodomas kaip meniu punktas. Da\u017eniausiai tinklalapiai pradedami kurti nuo puslapio&hellip; <\/p>\n","protected":false},"author":1,"featured_media":30,"parent":0,"menu_order":0,"comment_status":"closed","ping_status":"open","template":"page-templates\/arise-corporate.php","meta":{"jetpack_post_was_ever_published":false,"footnotes":""},"class_list":["post-2","page","type-page","status-publish","has-post-thumbnail","hentry","clearfix"],"jetpack_sharing_enabled":true,"jetpack_shortlink":"https:\/\/wp.me\/P9dFXc-2","jetpack-related-posts":[{"id":115,"url":"https:\/\/www.bispectrum.lt\/?page_id=115","url_meta":{"origin":2,"position":0},"title":"Mokymai","author":"Donatas Budrys","date":"2016-03-30","format":false,"excerpt":"Siekiate\u00a0b\u016bti nepriklausomi, patys kurti, vystyti, tobulinti savo SAP\u00a0verslo analitikos\u00a0ar planavimo\u00a0sistem\u0105? Tai paprasta ir tuo naudojasi jau ne viena Lietuvos \u012fmon\u0117. I\u0161bandykite m\u016bs\u0173 specialist\u0173 sukurt\u0105 mokym\u0173 sistem\u0105. \u0160iandien daugelis geba puikiai naudotis informacin\u0117mis technologijomis. Senokai pra\u0117jo tie laikai, kai fotoaparatus tur\u0117jo tik vienetai, kai kompiuteriais dirbdavo specialiuose skai\u010diavimo centruose. Kuo toliau\u2026","rel":"","context":"Similar post","block_context":{"text":"Similar post","link":""},"img":{"alt_text":"","src":"","width":0,"height":0},"classes":[]},{"id":4,"url":"https:\/\/www.bispectrum.lt\/?page_id=4","url_meta":{"origin":2,"position":1},"title":"Sprendim\u0173 ir SAP programin\u0117s \u012frangos technin\u0117 prie\u017ei\u016bra","author":"Donatas Budrys","date":"2016-03-22","format":false,"excerpt":"Siekiame, kad m\u016bs\u0173 sukurti sprendimai bei SAP programin\u0117 \u012franga b\u016bt\u0173 ilgalaikiai, nuolat atnaujinami ir aktual\u016bs m\u016bs\u0173 klientams. Esame sertifikuotas SAP verslo analitikos programin\u0117s \u012frangos palaikymo centras. Tur\u0117dami PCOE (Partner Center Of Expertise) sertifikat\u0105 esame pasireng\u0119 paslaugas teikti profesionaliai, reaguoti operatyviai ir atsiliepti \u012f \u012fvairiausius klient\u0173 poreikius. Atliekame tiek proaktyvius, tiek\u2026","rel":"","context":"Similar post","block_context":{"text":"Similar post","link":""},"img":{"alt_text":"","src":"","width":0,"height":0},"classes":[]},{"id":122,"url":"https:\/\/www.bispectrum.lt\/?page_id=122","url_meta":{"origin":2,"position":2},"title":"Atsakykite \u012f sud\u0117tingus klausimus realiu laiku su SAP Analytics Cloud","author":"Donatas Budrys","date":"2016-03-30","format":false,"excerpt":"Pavargote bla\u0161kytis tarp \u012fvairi\u0173 analitini\u0173 produkt\u0173, ne\u017einote su kuria priemone geriausiai rasti atsakym\u0105? I\u0161eitis jau yra. SAP Analytics\u00a0Cloud sprendimas apjungia visas analitines galimybes\u00a0- verslo analitik\u0105 (BI), planavim\u0105, prognozavim\u0105 ir\u00a0GRC \u012f vien\u0105 visum\u0105. SAP Analytics Cloud \u2013 tai \u0161iuolaiki\u0161kas, intuityvus bei pa\u017eangus naujos kartos SAP verslo analitikos sprendimas, apr\u0117piantis visas analitikos,\u2026","rel":"","context":"Similar post","block_context":{"text":"Similar post","link":""},"img":{"alt_text":"","src":"https:\/\/i0.wp.com\/www.bispectrum.lt\/wp-content\/uploads\/2017\/09\/Arise_Slider_3_v3.jpg?resize=350%2C200&ssl=1","width":350,"height":200,"srcset":"https:\/\/i0.wp.com\/www.bispectrum.lt\/wp-content\/uploads\/2017\/09\/Arise_Slider_3_v3.jpg?resize=350%2C200&ssl=1 1x, https:\/\/i0.wp.com\/www.bispectrum.lt\/wp-content\/uploads\/2017\/09\/Arise_Slider_3_v3.jpg?resize=525%2C300&ssl=1 1.5x, https:\/\/i0.wp.com\/www.bispectrum.lt\/wp-content\/uploads\/2017\/09\/Arise_Slider_3_v3.jpg?resize=700%2C400&ssl=1 2x, https:\/\/i0.wp.com\/www.bispectrum.lt\/wp-content\/uploads\/2017\/09\/Arise_Slider_3_v3.jpg?resize=1050%2C600&ssl=1 3x, https:\/\/i0.wp.com\/www.bispectrum.lt\/wp-content\/uploads\/2017\/09\/Arise_Slider_3_v3.jpg?resize=1400%2C800&ssl=1 4x"},"classes":[]},{"id":1482,"url":"https:\/\/www.bispectrum.lt\/?page_id=1482","url_meta":{"origin":2,"position":3},"title":"BI Spectrum &#8211; Rivile GAMA Analitika","author":"Donatas Budrys","date":"2021-03-26","format":false,"excerpt":"BI Spectrum - Rivile GAMA Analitika - vieningas, draugi\u0161kas vartotojui ir aplinkai, lanks\u010diai \u012fgyvendinamas ir vystomas, kokybi\u0161kas, sumaniai prisitaikantis prie l\u016bkes\u010di\u0173 ir poreiki\u0173, ypatingai greitas bei prieinamas Rivile GAMA veiklos analitikos sprendimas visiems. BI Spectrum - Rivile GAMA Analitika - Trumpas apra\u0161ymas BI Spectrum - Rivile GAMA Analitikos sprendimas sukurtas\u2026","rel":"","context":"Similar post","block_context":{"text":"Similar post","link":""},"img":{"alt_text":"","src":"https:\/\/i0.wp.com\/www.bispectrum.lt\/wp-content\/uploads\/2021\/03\/BI-Spectrum-Rivile-GAMA-Analytics-001.png?resize=350%2C200&ssl=1","width":350,"height":200,"srcset":"https:\/\/i0.wp.com\/www.bispectrum.lt\/wp-content\/uploads\/2021\/03\/BI-Spectrum-Rivile-GAMA-Analytics-001.png?resize=350%2C200&ssl=1 1x, https:\/\/i0.wp.com\/www.bispectrum.lt\/wp-content\/uploads\/2021\/03\/BI-Spectrum-Rivile-GAMA-Analytics-001.png?resize=525%2C300&ssl=1 1.5x, https:\/\/i0.wp.com\/www.bispectrum.lt\/wp-content\/uploads\/2021\/03\/BI-Spectrum-Rivile-GAMA-Analytics-001.png?resize=700%2C400&ssl=1 2x, https:\/\/i0.wp.com\/www.bispectrum.lt\/wp-content\/uploads\/2021\/03\/BI-Spectrum-Rivile-GAMA-Analytics-001.png?resize=1050%2C600&ssl=1 3x, https:\/\/i0.wp.com\/www.bispectrum.lt\/wp-content\/uploads\/2021\/03\/BI-Spectrum-Rivile-GAMA-Analytics-001.png?resize=1400%2C800&ssl=1 4x"},"classes":[]},{"id":224,"url":"https:\/\/www.bispectrum.lt\/?page_id=224","url_meta":{"origin":2,"position":4},"title":"Naujien\u0173 prenumerata","author":"Donatas Budrys","date":"2016-04-12","format":false,"excerpt":"Prenumeruokite ir pirmieji gaukite i\u0161skirtines naujienas apie BI Spectrum veikl\u0105 bei SAP Analitikos sprendimus ir\u00a0technologijas. Jeigu nusprend\u0117te atsisakyti BI Spectrum naujien\u0173 prenumeratos, spauskite \u010dia. UAB BI Spectrum, juridinio asmens kodas 302855499, J\u016bs\u0173 pateiktus asmens duomenis (vard\u0105, pavard\u0119, \u012fmon\u0117s pavadinim\u0105 ir elektronin\u012f pa\u0161to adres\u0105) naudos tik BI Spectrum naujien\u0173 siuntimo J\u016bs\u0173\u2026","rel":"","context":"Similar post","block_context":{"text":"Similar post","link":""},"img":{"alt_text":"","src":"","width":0,"height":0},"classes":[]},{"id":15,"url":"https:\/\/www.bispectrum.lt\/?page_id=15","url_meta":{"origin":2,"position":5},"title":"Apie mus","author":"Donatas Budrys","date":"2016-03-22","format":false,"excerpt":"BI Spectrum \u2013 patikimas J\u016bs\u0173 verslo analitikos partneris. Kartu su Jumis mes sukursime J\u016bs\u0173 poreikius atitinkan\u010di\u0105 verslo analitikos ilgalaik\u0119 vizij\u0105 ir strategij\u0105, tinkamai parinksime jos \u012fgyvendinimo etapus, b\u016bdus ir priemones. M\u016bs\u0173 ilgamet\u0117 patirtis, profesionalumas, atsakingas bei lankstus po\u017ei\u016bris \u012f partneryst\u0119 u\u017etikrins J\u016bs\u0173 verslo analitikos sprendim\u0173 kokyb\u0119 ir s\u0117km\u0119. M\u016bs\u0173 vizija\u2026","rel":"","context":"Similar post","block_context":{"text":"Similar post","link":""},"img":{"alt_text":"","src":"https:\/\/i0.wp.com\/www.bispectrum.lt\/wp-content\/uploads\/2016\/03\/About_us.jpg?resize=350%2C200&ssl=1","width":350,"height":200,"srcset":"https:\/\/i0.wp.com\/www.bispectrum.lt\/wp-content\/uploads\/2016\/03\/About_us.jpg?resize=350%2C200&ssl=1 1x, https:\/\/i0.wp.com\/www.bispectrum.lt\/wp-content\/uploads\/2016\/03\/About_us.jpg?resize=525%2C300&ssl=1 1.5x, https:\/\/i0.wp.com\/www.bispectrum.lt\/wp-content\/uploads\/2016\/03\/About_us.jpg?resize=700%2C400&ssl=1 2x, https:\/\/i0.wp.com\/www.bispectrum.lt\/wp-content\/uploads\/2016\/03\/About_us.jpg?resize=1050%2C600&ssl=1 3x, https:\/\/i0.wp.com\/www.bispectrum.lt\/wp-content\/uploads\/2016\/03\/About_us.jpg?resize=1400%2C800&ssl=1 4x"},"classes":[]}],"jetpack_likes_enabled":false,"_links":{"self":[{"href":"https:\/\/www.bispectrum.lt\/index.php?rest_route=\/wp\/v2\/pages\/2","targetHints":{"allow":["GET"]}}],"collection":[{"href":"https:\/\/www.bispectrum.lt\/index.php?rest_route=\/wp\/v2\/pages"}],"about":[{"href":"https:\/\/www.bispectrum.lt\/index.php?rest_route=\/wp\/v2\/types\/page"}],"author":[{"embeddable":true,"href":"https:\/\/www.bispectrum.lt\/index.php?rest_route=\/wp\/v2\/users\/1"}],"replies":[{"embeddable":true,"href":"https:\/\/www.bispectrum.lt\/index.php?rest_route=%2Fwp%2Fv2%2Fcomments&post=2"}],"version-history":[{"count":1,"href":"https:\/\/www.bispectrum.lt\/index.php?rest_route=\/wp\/v2\/pages\/2\/revisions"}],"predecessor-version":[{"id":8,"href":"https:\/\/www.bispectrum.lt\/index.php?rest_route=\/wp\/v2\/pages\/2\/revisions\/8"}],"wp:featuredmedia":[{"embeddable":true,"href":"https:\/\/www.bispectrum.lt\/index.php?rest_route=\/wp\/v2\/media\/30"}],"wp:attachment":[{"href":"https:\/\/www.bispectrum.lt\/index.php?rest_route=%2Fwp%2Fv2%2Fmedia&parent=2"}],"curies":[{"name":"wp","href":"https:\/\/api.w.org\/{rel}","templated":true}]}}